 the third derivative of -b**7/2520 + b**5/24 - b**4/3 + 8*b**2. Let o(z) be the second derivative of n(z). What is the units digit of o(0)?
5
Suppose 2*d = -5*s + 7 + 6, 5*d + 3*s = 4. Let u = d + 3. What is the units digit of u?
2
Let l be 4*1046/12 - (-6)/18. Suppose l = 2*v + 43. What is the hundreds digit of v?
1
Let z(d) = -11*d**3 + 3*d**2 + 2*d + 1. What is the tens digit of z(-4)?
4
Let n(g) = g**3 + 6*g**2 + 4*g + 6. What is the units digit of n(5)?
1
Let g be 115/20*(1 + 3)*1. Suppose -12*z + g*z - 1727 = 0. What is the tens digit of z?
5
Let s(z) = -3*z**3 - 7*z**2 + 6 + 5*z**3 - 3*z**3 + 4*z. Let o be s(-8). Let k = -22 + o. What is the tens digit of k?
1
Let s = -657 - -1467. What is the tens digit of s?
1
Suppose 0 = -5*y - 127 + 32. Let b = y - -18. What is the units digit of (b - 2)*(-4)/3?
4
Suppose 5*z = 3*a - 0*a + 15, 0 = -5*a - 25. Suppose 4*s = -2*v + v + 14, z = -5*v - 2*s - 2. What is the units digit of (172/(-8) + 0)*v?
3
Let n(i) be the first derivative of 3*i**2/2 + 31*i + 13. What is the units digit of n(0)?
1
Let l be ((-3)/4)/(2/(-8)). Suppose -12 = l*c - 93. Let s = -10 + c. What is the units digit of s?
7
Suppose -6*y + 1126 = 262. What is the hundreds digit of y?
1
Suppose 0 = 2*s - 6*s - 3*m + 1849, 3*m = -3*s + 1386. What is the hundreds digit of s?
4
Suppose 12*w = 997 - 289. What is the tens digit of w?
5
Let w = 136 - 92. Let s = w - -27. What is the units digit of s?
1
What is the tens digit of 5 - 195/(-5) - -2?
4
Suppose -m - 3*b = -2*m - 15, 2*b - 10 = 2*m. Suppose m*p - 75 = -5*p. Let k = 27 + p. What is the tens digit of k?
4
Suppose 2*s = 5*h - 22, -3*s + h = s + 8. What is the tens digit of s - (3 - (4 - -14))?
1
Let f(d) = -d**2 + 10*d + 3. Let m = -3 - -12. Let s be f(m). What is the tens digit of (200/s)/((-4)/(-6))?
2
Suppose -5*o - 527 = -3*c - 0*o, -5*c + 4*o = -900. Let n = -23 + c. What is the tens digit of n?
6
What is the units digit of (-16)/8 - -12*(30 + -1)?
6
Let y(i) = -i**3 + 12*i**2 - 11*i + 4. Let j be y(11). Let z = -30 + j. What is the units digit of z/(-2 - 0/4)?
3
Let k(m) = 44*m**2 + m - 3. Let v(q) = 11*q - 57. Let h be v(5). What is the units digit of k(h)?
1
Let d(j) = 4*j**3 - j**2 + 7*j - 2. Suppose 65 = 11*q + 21. What is the hundreds digit of d(q)?
2
Let k = -2221 - -6630. What is the thousands digit of k?
4
Suppose 0 = -76*p + 424794 - 102858. What is the tens digit of p?
3
Suppose 2*k = -2*u - 2*u + 70, u - 18 = -k. Suppose 0 = u*h - 13*h - 68. What is the tens digit of 3 + -3*h/(-3)?
2
Let u = 1768 + -1731. Let x be (-5)/(-1*1/7). Let j = u - x. What is the units digit of j?
2
Let d = -73 + 175. Suppose 0 = 101*w - d*w + 175. What is the hundreds digit of w?
1
Let v(m) = -m**3 - 22*m**2 - 63*m + 3. What is the units digit of v(-20)?
3
Let j = -13 + 25. Let p(f) = f**3 + f**2 - f - 8. Let n be p(0). Let b = j + n. What is the units digit of b?
4
Let m = 7616 + -4331. What is the units digit of m?
5
Suppose m - 112 = -3*m. Let a = -14 + m. What is the units digit of (-4)/a + (-93)/(-7)?
3
Suppose 0 = 6*s + 55 + 35. What is the units digit of (-2271)/(-24) + s/(-40)?
5
Let x be (-2019)/(-45) - (-4)/30. Let m be (-6)/(-8) + x/(-60). Let a(t) = t**3 - 2*t**2 - t + 9. What is the units digit of a(m)?
9
Let r(l) = l**2 + 9*l + 71. What is the units digit of r(-35)?
1
Let z(r) = -r**3 - 15*r**2 - 15*r + 7. Let a be z(-14). What is the tens digit of (-1)/(578/876 + (-14)/a)?
4
Let t = -1 + -42. Let w = -21 - t. What is the tens digit of w?
2
Let o be ((-42)/10 - -3)/(1/5). What is the units digit of (-154)/o - (-8)/(-12)?
5
Suppose -4*o + 4*a + 826 = -42, -o - 5*a + 211 = 0. Suppose -o = 2*q - 5*q. What is the tens digit of q?
7
Let t(w) = w**3 - 16*w**2 + 17*w - 22. Let v be t(15). Suppose -42 = -v*f + 342. What is the tens digit of f?
4
Let m(x) = -x**3 + 14*x**2 + 10*x + 7. Suppose 21*d - 2 = 292. What is the units digit of m(d)?
7
Suppose 3*t = -c - 1, -3*t - 17 = -0*c - c. Let d(v) = -c*v**2 + 3*v**2 + 16*v**2 + 8*v**2. What is the tens digit of d(-1)?
1
Suppose 2*q = 6*q + 4*p - 24, -3*q - 2 = -2*p. Suppose -2*v = -0*j - 5*j + 657, 0 = -2*v - q. What is the hundreds digit of j?
1
Let o(n) = -599*n**3 + 5*n**2 - 1. What is the tens digit of o(-1)?
0
Let h be ((1 - 0) + 0)*(19 - 0). Suppose -3*w + 4*u - 3 = -4*w, -2*u = 4*w + 16. Let k = h - w. What is the units digit of k?
4
Suppose 9*m - 10*m = -3*h - 1516, 5*m - 3*h = 7544. What is the thousands digit of m?
1
Let s(h) = 13*h - 2. Let b be 15/(0 - (-3)/3). Suppose -3*o = 2*o - b. What is the units digit of s(o)?
7
Suppose 0 = 2*x + x + 12. Let y = x + 26. What is the units digit of y?
2
Let m = -6742 - -11989. What is the hundreds digit of m?
2
Suppose 3*f = -2 + 17. Suppose f*t = t. Suppose t = -6*u + 2*u - 2*m + 70, -5*m + 80 = 5*u. What is the tens digit of u?
1
Let j = 179 + -163. Let z(v) = 9*v - 1. Let c be z(-1). Let l = c + j. What is the units digit of l?
6
Let v = 171 + -101. Let b be ((-56)/v)/(1/(-15)). Suppose -273 = -5*y + b. What is the tens digit of y?
5
Let r = -21 + 53. Let c = 51 - r. What is the tens digit of c?
1
Let a(u) = -u**2 - 14*u + 10. Let t be a(-14). Let x(v) = -2*v - 1. Let i be x(-3). Suppose -i*g + p - 88 = -t*g, 3*g - 3*p = 60. What is the tens digit of g?
1
Let a be -1*(1/4 - (-8766)/(-24)). Suppose -3*w + a + 88 = 0. What is the tens digit of w?
5
Let j = 9 + -6. Suppose 0 = -4*l + j + 5. What is the units digit of (4/(-8))/((-1)/l)?
1
Let g(b) = b**3 - 6*b**2 - 4*b - 8. Let i = 30 - 23. Let f be g(i). What is the tens digit of (1 - f)*21/(-14)?
1
Suppose 4*w + 8*i = 9*i + 1186, 0 = 5*w - 3*i - 1486. What is the tens digit of w?
9
Let r(i) be the third derivative of i**5/60 - i**4/24 + i**3/6 - 6*i**2. Let s be r(6). Suppose s = u - 12. What is the units digit of u?
3
Suppose -3*j - 16 = -5*j. Suppose 0 = j*s - 5*s - 81. What is the units digit of s?
7
What is the thousands digit of 9/((-324)/(-51093)) + 3/4?
1
Let l(x) = x + 1. Let u(p) = -15*p. Let g(j) = -3*l(j) - u(j). Let z be g(4). Suppose 0*y + y - z = 0. What is the tens digit of y?
4
Suppose 2*i = t - 4*t + 8, 4*t = 4*i + 4. Suppose -f + t*f = 112. What is the hundreds digit of f?
1
Let h = 4 + -13. Let z = h - -9. Suppose -48 = -z*g - g. What is the units digit of g?
8
Let x = 503 - 155. Suppose 0*j + x = 3*j. What is the hundreds digit of j?
1
What is the units digit of 10503/12 - ((-5)/(-20) + 0)?
5
Suppose 0 = -23*y + 24*y - 482. What is the tens digit of y?
8
Suppose 0 = -0*a - 4*a + 12, 0 = -4*u + a + 2381. What is the hundreds digit of u?
5
Let f(y) = y**2 - 9. Let d be f(-11). Let z = 229 - d. What is the tens digit of z?
1
Suppose t = 2*t - 5. Suppose 5*z - 149 = -3*g, -t*g + z + 238 = -z. What is the tens digit of g?
4
What is the hundreds digit of -5 - (-997 + -1 + (-10 - -4))?
9
Suppose -5*a + 12*a - 5887 = 0. What is the tens digit of a?
4
Let g(p) = p**2 - 2*p - 14. Let s = -16 - -18. Suppose 7 = -s*l - 5*i + 45, 8 = 2*i. What is the tens digit of g(l)?
4
Suppose -3*i + 15 = 0, 3*v + 2*i = 247 + 150. What is the hundreds digit of v?
1
Suppose 0 = -3*c - 2*b + 1891, 0 = c - 0*b + b - 632. What is the tens digit of c?
2
Let q be (-6)/21 + 32/14. Suppose -4*s - 19 = -3*n + q*n, 4*n - s - 31 = 0. Let g = n + 35. What is the units digit of g?
2
Suppose -7*j = 5619 - 16175. What is the units digit of j?
8
Let m be (-2)/(8/12) + -26. Let d = 39 + m. What is the units digit of d/15 + (-106)/(-3)?
6
Suppose 3*l = -w + 10, 3*l = -4*w - 9 + 22. Suppose -2*o = -l*t - 75, -4*t - 31 = 5*o - 184. What is the units digit of o?
3
Let q(x) = x**3 + 7*x**2 + 11*x + 9. Let c be q(-5). Suppose 0 = -2*t - c*w + 38, 3*t - 97 = 3*w + w. What is the tens digit of t?
2
Let g(c) = 51*c**3 + c**2 + 5*c - 5. Let x be g(2). Suppose -x = -20*i + 17*i. What is the tens digit of i?
3
Suppose -4*c + 4*a + 12 = 0, -3*c + 8*c + 3*a - 39 = 0. Let s = -5 + c. Suppose b - 5 = -s. What is the units digit of b?
4
Suppose 42*u + 785 = 47*u. What is the hundreds digit of u?
1
Suppose -122*i + 2*j = -126*i + 2584, -3*i + 1938 = 3*j. What is the tens digit of i?
4
Suppose -4*l - n + 2 = -7, -2*l + 2*n + 2 = 0. Suppose 0*f + l = f. Suppose 3*x + 63 = 4*g + 2*x, -34 = -f*g - 2*x. What is the tens digit of g?
1
Let t be 3/2*(-72)/(-54). Suppose t*g - 3